{"id":340,"date":"2026-07-16T17:50:15","date_gmt":"2026-07-16T17:50:15","guid":{"rendered":"https:\/\/lumexislaser.com\/?post_type=product&#038;p=340"},"modified":"2026-08-06T09:25:45","modified_gmt":"2026-08-06T09:25:45","slug":"976nm-260w-fiber-coupled-laser","status":"publish","type":"product","link":"https:\/\/lumexislaser.com\/de\/976nm-260w-fiber-coupled-laser\/","title":{"rendered":"976nm 260W fasergebundener Laser"},"content":{"rendered":"<p>Der 976nm 260W Faser-gekoppelte Laser liefert faser-gekoppelte optische Leistung f\u00fcr industrielles Laserpumpen, maschinelles Sehen, Inspektion und analytische Instrumente. Seine 260-W-Leistungsklasse wird zusammen mit Faser-Geometrie, Steckerkonfiguration, thermischem Design und den Anforderungen des Host-Systems ausgew\u00e4hlt.<\/p>\n<p><strong>Technische Referenz:<\/strong> 976-LXGX0260. Best\u00e4tigen Sie die endg\u00fcltige optische, elektrische, mechanische und umgebungsbezogene Konfiguration gegen die auftragsspezifische technische Spezifikation vor der Design-Freigabe.<\/p>\n<h2>Wichtige Parameter<\/h2>\n<table>\n<thead>\n<tr>\n<th>Parameter<\/th>\n<th>Lokaler Spezifikationswert<\/th>\n<\/tr>\n<\/thead>\n<tbody>\n<tr>\n<td>Mittenwellenl\u00e4nge<\/td>\n<td>976 nm<\/td>\n<\/tr>\n<tr>\n<td>Ausgangsleistung<\/td>\n<td>260 W<\/td>\n<\/tr>\n<tr>\n<td>Betriebsstrom<\/td>\n<td>17 A<\/td>\n<\/tr>\n<tr>\n<td>Betriebsspannung<\/td>\n<td>32 V<\/td>\n<\/tr>\n<tr>\n<td>Elektro-optischer Wirkungsgrad<\/td>\n<td>50 %<\/td>\n<\/tr>\n<tr>\n<td>Faserkern-Durchmesser<\/td>\n<td>135 \u03bcm<\/td>\n<\/tr>\n<tr>\n<td>Faserl\u00e4nge<\/td>\n<td>2 m<\/td>\n<\/tr>\n<\/tbody>\n<\/table>\n<h2>Anwendungen<\/h2>\n<ul>\n<li>industrielles Laserpumpen<\/li>\n<li>maschinelles Sehen und Inspektion<\/li>\n<li>Fluoreszenzanregung und Spektralanalyse<\/li>\n<li>OEM-photonische Instrumente<\/li>\n<\/ul>\n<h2>Integrationshinweise<\/h2>\n<p>Wir empfehlen, die endg\u00fcltige optische, elektrische, mechanische und umgebungsbezogene Konfiguration gegen die auftragsspezifische technische Spezifikation vor der Design-Freigabe zu best\u00e4tigen. Dadurch bleibt der ausgew\u00e4hlte faser-gekoppelte Laser mit dem Host-System und seinen Betriebsbedingungen abgestimmt.<\/p>","protected":false},"excerpt":{"rendered":"<p>Der 976nm 260W Faser-gekoppelte Laser ist ein faser-gekoppeltes Diodenlasermodul f\u00fcr die OEM-Integration beim Pumpen von Yb-dotierten Faserlasern und Verst\u00e4rkern. Er liefert 260 W aus einer 135 \u00b5m Kernfaser bei einer Mittenwellenl\u00e4nge von 975,5\u2013976,5 nm.<\/p>\n<ul style=\"margin-bottom:16px\">\n<li><strong>Ausgang<\/strong> \u2014 260 W bei 975,5\u2013976,5 nm, 0,8 nm FWHM-Spektralbreite<\/li>\n<li><strong>Faser<\/strong> \u2014 135 \u00b5m Kern \/ 155 \u00b5m Mantel, NA 0,22, 2 m, Pigtail-Abschluss<\/li>\n<li><strong>Ansteuerung<\/strong> \u2014 17 A bei 32 V, 50% elektro-optischer Wirkungsgrad<\/li>\n<li><strong>Strahl<\/strong> \u2014 stabile Wellenl\u00e4ngenverriegelung \u00fcber 10 A bei 20\u201324 \u00b0C, NA 0,175 bei 95% Leistung, 0,02 nm\/\u00b0C Drift, 1030\u20131200 nm R\u00fccklicht-Isolation<\/li>\n<li><strong>K\u00fchlung<\/strong> \u2014 leitungsgek\u00fchlt; 20\u201325 \u00b0C K\u00fchlmitteltemperatur empfohlen<\/li>\n<\/ul>\n<p style=\"margin-top:16px\">Technische Referenz 976-LXGX0260. Fordern Sie die vollst\u00e4ndige Spezifikation an, um die optische, elektrische und mechanische Konfiguration f\u00fcr Ihre Plattform zu best\u00e4tigen.<\/p>\n<p style=\"margin-top:8px\"><em>Verwendet in:<\/em> <a href=\"https:\/\/lumexislaser.com\/de\/solutions\/laser-pumping\/\">Laser-Pumpen<\/a> und <a href=\"https:\/\/lumexislaser.com\/de\/solutions\/pv-inspection\/\">PV-Inspektion<\/a>.<\/p>","protected":false},"featured_media":325,"comment_status":"open","ping_status":"closed","template":"","meta":{"_acf_changed":false},"product_brand":[],"product_cat":[25],"product_tag":[],"class_list":["post-340","product","type-product","status-publish","has-post-thumbnail","product_cat-fiber-coupled-lasers","first","instock","shipping-taxable","product-type-simple"],"acf":[],"_links":{"self":[{"href":"https:\/\/lumexislaser.com\/de\/wp-json\/wp\/v2\/product\/340","targetHints":{"allow":["GET"]}}],"collection":[{"href":"https:\/\/lumexislaser.com\/de\/wp-json\/wp\/v2\/product"}],"about":[{"href":"https:\/\/lumexislaser.com\/de\/wp-json\/wp\/v2\/types\/product"}],"replies":[{"embeddable":true,"href":"https:\/\/lumexislaser.com\/de\/wp-json\/wp\/v2\/comments?post=340"}],"version-history":[{"count":3,"href":"https:\/\/lumexislaser.com\/de\/wp-json\/wp\/v2\/product\/340\/revisions"}],"predecessor-version":[{"id":1859,"href":"https:\/\/lumexislaser.com\/de\/wp-json\/wp\/v2\/product\/340\/revisions\/1859"}],"wp:featuredmedia":[{"embeddable":true,"href":"https:\/\/lumexislaser.com\/de\/wp-json\/wp\/v2\/media\/325"}],"wp:attachment":[{"href":"https:\/\/lumexislaser.com\/de\/wp-json\/wp\/v2\/media?parent=340"}],"wp:term":[{"taxonomy":"product_brand","embeddable":true,"href":"https:\/\/lumexislaser.com\/de\/wp-json\/wp\/v2\/product_brand?post=340"},{"taxonomy":"product_cat","embeddable":true,"href":"https:\/\/lumexislaser.com\/de\/wp-json\/wp\/v2\/product_cat?post=340"},{"taxonomy":"product_tag","embeddable":true,"href":"https:\/\/lumexislaser.com\/de\/wp-json\/wp\/v2\/product_tag?post=340"}],"curies":[{"name":"wp","href":"https:\/\/api.w.org\/{rel}","templated":true}]}}

<p>Der 976nm 260W Faser-gekoppelte Laser liefert faser-gekoppelte optische Leistung für industrielles Laserpumpen, maschinelles Sehen, Inspektion und analytische Instrumente. Seine 260-W-Leistungsklasse wird zusammen mit Faser-Geometrie, Steckerkonfiguration, thermischem Design und den Anforderungen des Host-Systems ausgewählt.</p>
<p><strong>Technische Referenz:</strong> 976-LXGX0260. Bestätigen Sie die endgültige optische, elektrische, mechanische und umgebungsbezogene Konfiguration gegen die auftragsspezifische technische Spezifikation vor der Design-Freigabe.</p>
<h2>Wichtige Parameter</h2>
<table>
<thead>
<tr>
<th>Parameter</th>
<th>Lokaler Spezifikationswert</th>
</tr>
</thead>
<tbody>
<tr>
<td>Mittenwellenlänge</td>
<td>976 nm</td>
</tr>
<tr>
<td>Ausgangsleistung</td>
<td>260 W</td>
</tr>
<tr>
<td>Betriebsstrom</td>
<td>17 A</td>
</tr>
<tr>
<td>Betriebsspannung</td>
<td>32 V</td>
</tr>
<tr>
<td>Elektro-optischer Wirkungsgrad</td>
<td>50 %</td>
</tr>
<tr>
<td>Faserkern-Durchmesser</td>
<td>135 μm</td>
</tr>
<tr>
<td>Faserlänge</td>
<td>2 m</td>
</tr>
</tbody>
</table>
<h2>Anwendungen</h2>
<ul>
<li>industrielles Laserpumpen</li>
<li>maschinelles Sehen und Inspektion</li>
<li>Fluoreszenzanregung und Spektralanalyse</li>
<li>OEM-photonische Instrumente</li>
</ul>
<h2>Integrationshinweise</h2>
<p>Wir empfehlen, die endgültige optische, elektrische, mechanische und umgebungsbezogene Konfiguration gegen die auftragsspezifische technische Spezifikation vor der Design-Freigabe zu bestätigen. Dadurch bleibt der ausgewählte faser-gekoppelte Laser mit dem Host-System und seinen Betriebsbedingungen abgestimmt.</p>

<p>Der 976nm 260W Faser-gekoppelte Laser ist ein faser-gekoppeltes Diodenlasermodul für die OEM-Integration beim Pumpen von Yb-dotierten Faserlasern und Verstärkern. Er liefert 260 W aus einer 135 µm Kernfaser bei einer Mittenwellenlänge von 975,5–976,5 nm.</p>
<ul style="margin-bottom:16px">
<li><strong>Ausgang</strong> — 260 W bei 975,5–976,5 nm, 0,8 nm FWHM-Spektralbreite</li>
<li><strong>Faser</strong> — 135 µm Kern / 155 µm Mantel, NA 0,22, 2 m, Pigtail-Abschluss</li>
<li><strong>Ansteuerung</strong> — 17 A bei 32 V, 50% elektro-optischer Wirkungsgrad</li>
<li><strong>Strahl</strong> — stabile Wellenlängenverriegelung über 10 A bei 20–24 °C, NA 0,175 bei 95% Leistung, 0,02 nm/°C Drift, 1030–1200 nm Rücklicht-Isolation</li>
<li><strong>Kühlung</strong> — leitungsgekühlt; 20–25 °C Kühlmitteltemperatur empfohlen</li>
</ul>
<p style="margin-top:16px">Technische Referenz 976-LXGX0260. Fordern Sie die vollständige Spezifikation an, um die optische, elektrische und mechanische Konfiguration für Ihre Plattform zu bestätigen.</p>
<p style="margin-top:8px"><em>Verwendet in:</em> <a href="https://lumexislaser.com/de/solutions/laser-pumping/">Laser-Pumpen</a> und <a href="https://lumexislaser.com/de/solutions/pv-inspection/">PV-Inspektion</a>.</p>
