{"id":321,"date":"2026-07-16T17:50:06","date_gmt":"2026-07-16T17:50:06","guid":{"rendered":"https:\/\/lumexislaser.com\/?post_type=product&#038;p=321"},"modified":"2026-08-06T09:25:47","modified_gmt":"2026-08-06T09:25:47","slug":"976nm-140w-fiber-coupled-laser","status":"publish","type":"product","link":"https:\/\/lumexislaser.com\/de\/976nm-140w-fiber-coupled-laser\/","title":{"rendered":"976nm 140W Faserkopplungslaser"},"content":{"rendered":"<p>Der 976nm 140W Faserlaser mit Faserkopplung liefert fasergekoppelte optische Leistung f\u00fcr industrielles Laserpumpen, maschinelles Sehen, Inspektion und analytische Instrumente. Seine 140-W-Leistungsklasse wird zusammen mit Faser-Geometrie, Steckerkonfiguration, thermischem Design und den Anforderungen des Host-Systems ausgew\u00e4hlt.<\/p>\n<p><strong>Technische Referenz:<\/strong> 976-LXGX0140. Best\u00e4tigen Sie die endg\u00fcltige optische, elektrische, mechanische und umweltbezogene Konfiguration gegen die auftragsspezifische technische Spezifikation vor der Designfreigabe.<\/p>\n<h2>Wichtige Parameter<\/h2>\n<table>\n<thead>\n<tr>\n<th>Parameter<\/th>\n<th>Lokaler Spezifikationswert<\/th>\n<\/tr>\n<\/thead>\n<tbody>\n<tr>\n<td>Mittenwellenl\u00e4nge<\/td>\n<td>976 nm<\/td>\n<\/tr>\n<tr>\n<td>Ausgangsleistung<\/td>\n<td>140 W<\/td>\n<\/tr>\n<tr>\n<td>Spektrale Breite<\/td>\n<td>1 nm<\/td>\n<\/tr>\n<tr>\n<td>Betriebsstrom<\/td>\n<td>13 14 A<\/td>\n<\/tr>\n<tr>\n<td>Betriebsspannung<\/td>\n<td>22,4 23,8 V<\/td>\n<\/tr>\n<tr>\n<td>Elektro-optischer Wirkungsgrad<\/td>\n<td>48 %<\/td>\n<\/tr>\n<tr>\n<td>Faserkern-Durchmesser<\/td>\n<td>105 \u03bcm<\/td>\n<\/tr>\n<tr>\n<td>Faser-NA<\/td>\n<td>0.22<\/td>\n<\/tr>\n<tr>\n<td>Faserl\u00e4nge<\/td>\n<td>2 m<\/td>\n<\/tr>\n<\/tbody>\n<\/table>\n<h2>Anwendungen<\/h2>\n<ul>\n<li>industrielles Laserpumpen<\/li>\n<li>maschinelles Sehen und Inspektion<\/li>\n<li>Fluoreszenzanregung und Spektralanalyse<\/li>\n<li>OEM-photonische Instrumente<\/li>\n<\/ul>\n<h2>Integrationshinweise<\/h2>\n<p>Wir empfehlen, die endg\u00fcltige optische, elektrische, mechanische und umgebungsbezogene Konfiguration gegen die auftragsspezifische technische Spezifikation vor der Design-Freigabe zu best\u00e4tigen. Dadurch bleibt der ausgew\u00e4hlte faser-gekoppelte Laser mit dem Host-System und seinen Betriebsbedingungen abgestimmt.<\/p>","protected":false},"excerpt":{"rendered":"<p>Der 976nm 140W Faserlaser mit Faserkopplung ist ein fasergekoppeltes Diodenlasermodul f\u00fcr die OEM-Integration in Yb-dotierten Faserlasern und Verst\u00e4rkerpumpen. Er liefert 140 W aus einer 105 \u00b5m Kernfaser bei einer Mittenwellenl\u00e4nge von 975\u2013977 nm.<\/p>\n<ul style=\"margin-bottom:16px\">\n<li><strong>Ausgang<\/strong> \u2014 140 W bei 975\u2013977 nm, 1 nm spektrale Breite<\/li>\n<li><strong>Faser<\/strong> \u2014 105 \u00b5m Kern \/ 220 \u00b5m Mantel, NA 0,22, 2 m, blanker Faserabschluss<\/li>\n<li><strong>Ansteuerung<\/strong> \u2014 13\u201314 A bei 22,4\u201323,8 V, 48% elektro-optischer Wirkungsgrad<\/li>\n<li><strong>Strahl<\/strong> \u2014 NA 0,15 bei 95% Leistung, 0,02 nm\/\u00b0C Drift, 1020\u20131200 nm R\u00fccklichtisolierung<\/li>\n<li><strong>K\u00fchlung<\/strong> \u2014 w\u00e4rmeleitend gek\u00fchlt; 23\u201325 \u00b0C K\u00fchlmitteltemperatur empfohlen<\/li>\n<\/ul>\n<p style=\"margin-top:16px\">Technische Referenz 976-LXGX0140. Fordern Sie die vollst\u00e4ndige Spezifikation an, um die optische, elektrische und mechanische Konfiguration f\u00fcr Ihre Plattform zu best\u00e4tigen.<\/p>\n<p style=\"margin-top:8px\"><em>Verwendet in:<\/em> <a href=\"https:\/\/lumexislaser.com\/de\/solutions\/laser-pumping\/\">Laser-Pumpen<\/a> und <a href=\"https:\/\/lumexislaser.com\/de\/solutions\/pv-inspection\/\">PV-Inspektion<\/a>.<\/p>","protected":false},"featured_media":306,"comment_status":"open","ping_status":"closed","template":"","meta":{"_acf_changed":false},"product_brand":[],"product_cat":[25],"product_tag":[],"class_list":["post-321","product","type-product","status-publish","has-post-thumbnail","product_cat-fiber-coupled-lasers","first","instock","shipping-taxable","product-type-simple"],"acf":[],"_links":{"self":[{"href":"https:\/\/lumexislaser.com\/de\/wp-json\/wp\/v2\/product\/321","targetHints":{"allow":["GET"]}}],"collection":[{"href":"https:\/\/lumexislaser.com\/de\/wp-json\/wp\/v2\/product"}],"about":[{"href":"https:\/\/lumexislaser.com\/de\/wp-json\/wp\/v2\/types\/product"}],"replies":[{"embeddable":true,"href":"https:\/\/lumexislaser.com\/de\/wp-json\/wp\/v2\/comments?post=321"}],"version-history":[{"count":3,"href":"https:\/\/lumexislaser.com\/de\/wp-json\/wp\/v2\/product\/321\/revisions"}],"predecessor-version":[{"id":1860,"href":"https:\/\/lumexislaser.com\/de\/wp-json\/wp\/v2\/product\/321\/revisions\/1860"}],"wp:featuredmedia":[{"embeddable":true,"href":"https:\/\/lumexislaser.com\/de\/wp-json\/wp\/v2\/media\/306"}],"wp:attachment":[{"href":"https:\/\/lumexislaser.com\/de\/wp-json\/wp\/v2\/media?parent=321"}],"wp:term":[{"taxonomy":"product_brand","embeddable":true,"href":"https:\/\/lumexislaser.com\/de\/wp-json\/wp\/v2\/product_brand?post=321"},{"taxonomy":"product_cat","embeddable":true,"href":"https:\/\/lumexislaser.com\/de\/wp-json\/wp\/v2\/product_cat?post=321"},{"taxonomy":"product_tag","embeddable":true,"href":"https:\/\/lumexislaser.com\/de\/wp-json\/wp\/v2\/product_tag?post=321"}],"curies":[{"name":"wp","href":"https:\/\/api.w.org\/{rel}","templated":true}]}}

<p>Der 976nm 140W Faserlaser mit Faserkopplung liefert fasergekoppelte optische Leistung für industrielles Laserpumpen, maschinelles Sehen, Inspektion und analytische Instrumente. Seine 140-W-Leistungsklasse wird zusammen mit Faser-Geometrie, Steckerkonfiguration, thermischem Design und den Anforderungen des Host-Systems ausgewählt.</p>
<p><strong>Technische Referenz:</strong> 976-LXGX0140. Bestätigen Sie die endgültige optische, elektrische, mechanische und umweltbezogene Konfiguration gegen die auftragsspezifische technische Spezifikation vor der Designfreigabe.</p>
<h2>Wichtige Parameter</h2>
<table>
<thead>
<tr>
<th>Parameter</th>
<th>Lokaler Spezifikationswert</th>
</tr>
</thead>
<tbody>
<tr>
<td>Mittenwellenlänge</td>
<td>976 nm</td>
</tr>
<tr>
<td>Ausgangsleistung</td>
<td>140 W</td>
</tr>
<tr>
<td>Spektrale Breite</td>
<td>1 nm</td>
</tr>
<tr>
<td>Betriebsstrom</td>
<td>13 14 A</td>
</tr>
<tr>
<td>Betriebsspannung</td>
<td>22,4 23,8 V</td>
</tr>
<tr>
<td>Elektro-optischer Wirkungsgrad</td>
<td>48 %</td>
</tr>
<tr>
<td>Faserkern-Durchmesser</td>
<td>105 μm</td>
</tr>
<tr>
<td>Faser-NA</td>
<td>0.22</td>
</tr>
<tr>
<td>Faserlänge</td>
<td>2 m</td>
</tr>
</tbody>
</table>
<h2>Anwendungen</h2>
<ul>
<li>industrielles Laserpumpen</li>
<li>maschinelles Sehen und Inspektion</li>
<li>Fluoreszenzanregung und Spektralanalyse</li>
<li>OEM-photonische Instrumente</li>
</ul>
<h2>Integrationshinweise</h2>
<p>Wir empfehlen, die endgültige optische, elektrische, mechanische und umgebungsbezogene Konfiguration gegen die auftragsspezifische technische Spezifikation vor der Design-Freigabe zu bestätigen. Dadurch bleibt der ausgewählte faser-gekoppelte Laser mit dem Host-System und seinen Betriebsbedingungen abgestimmt.</p>

<p>Der 976nm 140W Faserlaser mit Faserkopplung ist ein fasergekoppeltes Diodenlasermodul für die OEM-Integration in Yb-dotierten Faserlasern und Verstärkerpumpen. Er liefert 140 W aus einer 105 µm Kernfaser bei einer Mittenwellenlänge von 975–977 nm.</p>
<ul style="margin-bottom:16px">
<li><strong>Ausgang</strong> — 140 W bei 975–977 nm, 1 nm spektrale Breite</li>
<li><strong>Faser</strong> — 105 µm Kern / 220 µm Mantel, NA 0,22, 2 m, blanker Faserabschluss</li>
<li><strong>Ansteuerung</strong> — 13–14 A bei 22,4–23,8 V, 48% elektro-optischer Wirkungsgrad</li>
<li><strong>Strahl</strong> — NA 0,15 bei 95% Leistung, 0,02 nm/°C Drift, 1020–1200 nm Rücklichtisolierung</li>
<li><strong>Kühlung</strong> — wärmeleitend gekühlt; 23–25 °C Kühlmitteltemperatur empfohlen</li>
</ul>
<p style="margin-top:16px">Technische Referenz 976-LXGX0140. Fordern Sie die vollständige Spezifikation an, um die optische, elektrische und mechanische Konfiguration für Ihre Plattform zu bestätigen.</p>
<p style="margin-top:8px"><em>Verwendet in:</em> <a href="https://lumexislaser.com/de/solutions/laser-pumping/">Laser-Pumpen</a> und <a href="https://lumexislaser.com/de/solutions/pv-inspection/">PV-Inspektion</a>.</p>
